et a(n) = -11*n - 12. Let m(c) = c**2 - 10*c + 9. Let l be m(8). Let g be a(l). Suppose 3*d - g = -20. What is the remainder when d is divided by 5?
0
Let b = 5626 - 3364. What is the remainder when b is divided by 36?
30
Let u(q) = -16*q**3 + 86*q**2 + 3*q - 20. What is the remainder when u(5) is divided by 59?
27
Let r(d) = 2*d. Let m be 10/15*6/(-4). Let x be r(m). What is the remainder when 152 - (-4 - -1 - x) is divided by 39?
36
Suppose -4464 = -18*f + 6*f. Suppose 4 - f = -w. What is the remainder when w is divided by 41?
40
Let n be -16*7/5*(-20)/8. Suppose -n = 2*d + 4*p, -6*d + 4*p = -2*d + 112. Let m = 40 + d. What is the remainder when 46 is divided by m?
10
Suppose 46 = o - 4. Suppose -4 = -4*p, -5 = x - 5*p + 10*p. Let w = o + x. What is the remainder when w is divided by 7?
5
Let z = 255 - 237. Suppose -48 = z*x - 21*x. What is the remainder when 77 is divided by x?
13
Let x(h) = 53*h**3 - h**2 + 31*h - 31. Suppose -108 = 2*o - 6*o. What is the remainder when x(1) is divided by o?
25
Let p(b) = 55*b - 4. Let u be -1 + -7 + -10 - (3 - -1). Let t = u + 23. What is the remainder when p(t) is divided by 26?
25
Let v = 24507 - 23540. Calculate the remainder when v is divided by 440.
87
Suppose 18 = p - t, -p + 77*t - 80*t + 18 = 0. Suppose -2*v + 3*i = -382 + p, v - 182 = -3*i. What is the remainder when v is divided by 52?
26
Suppose 1374 + 2890 = 32*j - 1464. Calculate the remainder when j is divided by 100.
79
Let o(l) = -l**3 + l**2 + l + 4. Let p be o(0). Calculate the remainder when (-6)/8 - (-55)/p is divided by 1*6/(-36) - (4472/48)/(-13).
6
Suppose -2*l + 200 = 4*g, l = 2*g - 141 + 221. What is the remainder when 2066 is divided by l?
86
Let m(b) = 3*b**2 - 6*b + 13. Suppose -4*d + 2 = -7*d - 4*k, -d = -2*k + 14. What is the remainder when m(d) is divided by 32?
29
Let f = -3575 - -3636. Calculate the remainder when 3239 is divided by f.
6
Let n(s) = 13*s**2 - 148*s + 695. What is the remainder when n(5) is divided by 36?
28
Let x be 19 - 13 - -4*(-18)/(-2). Suppose 4*z + 83 = 3*o, 2*z - x + 11 = -o. Calculate the remainder when 135 is divided by o.
19
Let c be -1106*1/(-8) + 1/(-4). Suppose 4*o - 183 = -3*r, 7*o + 2*r = 4*o + c. What is the remainder when o is divided by 25?
23
Let b = -51891 - -51922. Suppose -5 - 4 = q. Calculate the remainder when b is divided by (-33)/q - 2/3.
1
Let j(v) = -4*v + 9. Let f(m) = 5*m + 170. Suppose 0 = 3*w - 2*p + 16, 4*p = -4*w - 0*w - 28. What is the remainder when f(w) is divided by j(-10)?
42
Calculate the remainder when 414 is divided by ((-670)/(-150)*-5)/(1/(-6)).
12
Suppose -5*o + 1257 + 333 = 0. Let g = -303 + o. What is the remainder when 43 is divided by g?
13
Let r = -4554 - -4573. What is the remainder when 2733 is divided by r?
16
Suppose 2*w + 3*w = 10. Let b be 0 + (w - 3) + 206. Suppose -123 = -3*x + 4*i, i + b = 5*x - 4*i. What is the remainder when x is divided by 6?
5
Suppose 5*f - 164 = -3*o - 0*o, 0 = -2*f - 2*o + 68. Let a = f - 15. What is the remainder when a is divided by (112/12)/((-272)/(-204))?
2
Calculate the remainder when 158/6*8/(-2)*-3 is divided by 20.
16
Let c = -5095 + 5118. Let h(p) = 6*p**3 + 2*p**2 + p - 2. Calculate the remainder when h(2) is divided by c.
10
Calculate the remainder when 1791 is divided by -4 - (-72)/20 - (-268)/20.
10
Suppose 4*q = -4*a - 12, 0 = -4*a - 2*q - 4 - 0. Suppose 2*r = r + a. Let l(c) = -4*c + 35. What is the remainder when l(7) is divided by r?
0
Calculate the remainder when 5414 is divided by ((-18)/(-90) + ((-148)/40 - -3))*-258.
125
Let w(z) = -31*z + 124. Suppose -6 = 2*u, 4*v + 0*u = u + 435. What is the remainder when v is divided by w(3)?
15
Let g be 4/6*(-10191)/(-79). Let q = 162 - 44. Let o = q - g. What is the remainder when o is divided by 12?
8
Let a = 298 - 296. Suppose -5*h + 14 = -6, -2*z + a*h + 76 = 0. What is the remainder when 83 is divided by z?
41
Let h = -102004 + 102015. Calculate the remainder when (72/20)/((-6)/(-200)) is divided by h.
10
Suppose 28*p = 52*p. Suppose -6*h + 3*h + 105 = p. Calculate the remainder when 54 is divided by h.
19
Suppose 6*w - 683 + 155 = 0. Let t = 6251 - 6177. Calculate the remainder when w is divided by t.
14
Let y(c) = -4*c**3 - 3*c**2 - 2*c - 3. Suppose 119*u = -5*j + 121*u + 1142, -4*j - 4*u + 936 = 0. Calculate the remainder when j is divided by y(-2).
20
Let z(d) = -60*d + 363. What is the remainder when z(-3) is divided by 42?
39
Let q(n) be the first derivative of 4*n**3 - 5*n**2/2 - 19*n - 213. Calculate the remainder when q(-8) is divided by 66.
63
Suppose 0 = 54*v + 1442 - 2306. Calculate the remainder when 75 is divided by v.
11
Suppose -2*k + 2 = 5*b, 4*b = 2*k - b - 22. What is the remainder when 1018 is divided by k?
4
Let j(i) = i**2 - 464. Let w(f) = 3*f + 2. Let d be (-2)/(2/(-5 + -1)). Calculate the remainder when j(23) is divided by w(d).
5
Let r = -7628 - -8333. What is the remainder when r is divided by 118?
115
Suppose 25779 = 11*l - l - 23841. Calculate the remainder when l is divided by 68.
66
Suppose -530*o = -534*o - 16, -4*l = 4*o - 37476. Calculate the remainder when l is divided by 75.
73
Let n = 843 + -861. Let q(a) = -a**2 - 34*a - 175. What is the remainder when q(n) is divided by 10?
3
Let g = 1 + 8. What is the remainder when (2*(-25)/(-75))/(-1 - 285/(-279)) is divided by g?
4
Let i be 1878 + -3 - (2/1 - -1). Suppose 0 = 25*l + 14*l - i. What is the remainder when 114 is divided by l?
18
Let n(g) = 930*g**2 + 1. Let b = 37 + -38. Let p be n(b). Suppose -5*h + p = 2*h. What is the remainder when h is divided by 34?
31
Suppose l = 2*z + 2*l + 31, 0 = 4*z + l + 59. Let f(m) = 2*m**2 + 24*m - 35. What is the remainder when 121 is divided by f(z)?
16
What is the remainder when 2851 is divided by (-20)/18*(-9576)/380?
23
Suppose -16*m + 14*m - 10 = 0. Calculate the remainder when -4 - (1 + m) - -26 is divided by 18.
8
Suppose 3*l = 12, -5*s - 5 - 1 = -4*l. Let v be -4*((3 - 12) + -10). Suppose v = s*j + 2*j. What is the remainder when 111 is divided by j?
16
Let y = 17 + -8. Let r = 2646 - 2652. What is the remainder when (-3)/r + 63/6*y is divided by 16?
15
Suppose -7*a - 911 = -939. Suppose 4*h - 32 = a*j - 396, -h + 4 = 0. Calculate the remainder when j is divided by ((-12)/(-1))/((-2)/(-4)).
23
Let k = -28697 + 31396. What is the remainder when k is divided by 60?
59
Suppose -3*m + 300 = 3*v, 2*m - 8 = 4*v - 378. Let z = -112 + 25. Let p = v + z. Calculate the remainder when 63 is divided by p.
7
Let n = -1485 - -1632. Calculate the remainder when 746 is divided by n.
11
Let l = 280 - 198. What is the remainder when l is divided by 69/(-12)*(-13)/(13/4)?
13
Let y(i) = -2 - 20*i**3 - 36*i**3 + 3*i**3 - 2*i. Let j(f) = -f**3 + 11*f**2 + 11*f + 11. Let d be j(12). Calculate the remainder when y(d) is divided by 11.
9
Let a(t) = 314*t - 24. Let b be a(1). Suppose 4*j - 556 = -3*h, -4*j + h + 266 = -b. What is the remainder when j is divided by 24?
19
Let q(w) = -w**2 - 71*w - 466. Calculate the remainder when q(-8) is divided by 37.
1
Suppose -2445*u = -2419*u - 1259 + 453. What is the remainder when 478 is divided by u?
13
Let o = -15 + 32. Suppose o*j = 12*j + 65. What is the remainder when (72/(-84))/((-3)/84) is divided by j?
11
Let z be ((-39)/(-9))/((-2)/(-6)). Let q = z - -38. Let l(d) = 14*d**2 + 353*d - 354. What is the remainder when q is divided by l(1)?
12
Suppose 64 = -83*b + 85*b. Suppose b*t = 10*t + 2068. What is the remainder when t is divided by 6?
4
Suppose -2*d + 5*d - 78 = 0. Let a = -43837 + 44018. Calculate the remainder when a is divided by d.
25
Let d(g) = 8*g**2 - 38*g + 24. Let v be d(7). What is the remainder when 110 + 15/(v/20) is divided by 31?
19
Let m(v) = 3*v**2 + 105*v - 56. What is the remainder when 1244 is divided by m(-36)?
48
Suppose 3*a - 428 = -2*f - 110, -f = 2*a - 160. What is the remainder when 1243 is divided by f?
151
Let a = 266 - 226. Suppose 0 = 2*b + h - 3*h - 24, -a = -3*b + 5*h. Suppose 4*c - 14 = 10. Calculate the remainder when b is divided by c.
4
Suppose -5*u - 780 = 3*i - 3452, -3*i = 2*u - 2669. What is the remainder when i is divided by 286?
31
Suppose -95*r + 17*r = -24570. What is the remainder when r is divided by 107?
101
Suppose 0 = -4*v - 4*v + 40. Suppose a - 44 = -